)/(-2 - 10/(-6))*1. Suppose 4*h - h = 24. Suppose 2*o - h = -2. Calculate the highest common divisor of o and n.
3
Suppose 0 = -4*o + 6*o - 4. Suppose -o*g + 4*g - 304 = 0. What is the highest common divisor of 19 and g?
19
Suppose 0 = 4*d - 126 - 154. What is the greatest common divisor of 154 and d?
14
Let w(f) = -f**2 - 37*f + 10. Let p be w(-37). Calculate the highest common divisor of p and 20.
10
Let y(f) = -37*f - 84. Let o be y(-4). Calculate the highest common divisor of 1 and o.
1
Suppose -4*p - 5*o + 2 = 0, 3*p = o - 6 + 17. Suppose -52*a - 486 = -133*a. What is the highest common factor of p and a?
3
Let c be 3/(-18) - 4/(-24). Suppose -y - 1 + 41 = c. Let m be 2/(2/60 + 0). Calculate the greatest common factor of y and m.
20
Let w = -6 + 8. Suppose 5*v = w*d - 212, 2*d - 4*v + 47 = 261. Suppose -p - 183 = -5*g, 2*p + d = 3*g + p. What is the greatest common factor of g and 12?
12
Let t = -439 + 442. Suppose -f - f + 6 = 0. What is the highest common divisor of f and t?
3
Let m = -467 - -468. What is the highest common factor of 37 and m?
1
Let w be (-5 + (-96)/(-18))*(19 + -4). Suppose -12 - 43 = -b + 2*s, 110 = 2*b + s. What is the highest common divisor of b and w?
5
Let g(u) = u**2 + 16*u + 65. Let z be g(-6). Calculate the highest common divisor of z and 200.
5
Let x = 1831 - 1810. What is the greatest common divisor of x and 672?
21
Suppose 11*d = 4*d - 14. Let j be d/(-4)*(20 + 38). Let w(a) = 2*a**3 - 5*a**2 - 4*a + 4. Let l be w(6). What is the greatest common factor of l and j?
29
Let n be (-27 - 1)/2*1. Let f be (-4)/n - (-204)/21. What is the highest common divisor of 5 and f?
5
Suppose -671 = -3*d + h, 5*d - 873 = d - 3*h. Let l be (-44)/(-8) + -5 - d/(-4). Calculate the highest common factor of l and 84.
28
Let b = 273 + -195. Calculate the greatest common factor of b and 6.
6
Let w(r) = r**2 + r + 35. Let f be w(0). Calculate the greatest common divisor of f and 28.
7
Suppose -t = 4, -4*t - 5 = 2*y + 5. Let v be 12/(-45)*y*-220. Calculate the greatest common factor of 22 and v.
22
Let q = -3 + 10. Let c = q - -6. Suppose -4*y + 203 = m, 16 = -5*m - 9. What is the greatest common factor of c and y?
13
Let m(t) = 2*t**2 - 8*t + 9. Let u be m(4). Suppose -4*s + u = 5*a - 7, -5*a = -2*s + 8. Calculate the highest common divisor of s and 6.
2
Suppose 3*g - 161 = -y, -8*g + 3*g + 5*y = -315. Suppose 2*s + p = -2*s + 565, -s + 135 = -p. What is the greatest common factor of g and s?
28
Suppose -2*y + 691 = -3*p + 6*p, 3*y = -p + 1019. What is the highest common factor of y and 52?
26
Let t be (20/(-3))/(2/(-9)). Let s = t - 10. Suppose 2*v - 258 = -3*v + 4*z, 0 = -4*v + 5*z + 210. Calculate the highest common factor of v and s.
10
Let d(g) = -g**3 + 8*g**2 + 8*g + 7. Let s be d(9). Suppose 0 = 4*h - 8*h + 28. Let k = h + s. What is the highest common factor of 45 and k?
5
Let t(j) = -40*j**3 + j**2 + j. Let x be t(-1). Let b = -18 - -24. Suppose 3*s = 2*a - 17, s = -b*a + 4*a + 37. What is the greatest common divisor of a and x?
8
Suppose 0 = -5*f + 2*f - 3*w + 9, 3*f + 2*w - 9 = 0. Let k be 1 - (12/(-2) + f). Calculate the greatest common divisor of k and 44.
4
Suppose 5*q + 0*n - 12 = -4*n, 12 = q + 4*n. Suppose 0 = 5*r - q*r - m - 17, -3*r = 4*m - 1. Calculate the highest common divisor of r and 6.
3
Suppose -4*f + 4*s = -188, -f = 2*f - 4*s - 145. Let m(h) = 53*h + 3. Let k be m(2). Let l = k - f. Calculate the highest common factor of 6 and l.
6
Let y be ((-26)/(-221) - (-191)/(-34))*-24. What is the highest common factor of 12 and y?
12
Suppose 3*h = 9, -5*q - 5*h - 68 = 42. Let o be -10*(10/q)/((-4)/(-5)). What is the highest common divisor of 10 and o?
5
Let i = 275 + -247. Calculate the highest common factor of i and 70.
14
Let v be 7/(105/10)*12. Suppose v*m - 11*m - 4*q + 363 = 0, 465 = 4*m - q. Calculate the greatest common factor of 13 and m.
13
Let u(n) be the first derivative of 29*n**2 + 3. Let k be u(2). Let b(t) = 9*t - 16. Let x be b(5). Calculate the highest common divisor of x and k.
29
Suppose -29*k + 21*k = -120. Suppose -4*o + 9 + 31 = 0. What is the highest common factor of k and o?
5
Let a = 634 + 807. Calculate the greatest common factor of 11 and a.
11
Suppose 2*t + 100 = 6*t. Let v = -13 + t. Calculate the greatest common factor of v and 30.
6
Let w(q) = q**3 - 12*q**2 - 12*q + 8. Let s = -23 - -20. Let g = s + 16. Let l be w(g). What is the highest common factor of 42 and l?
21
Let w(v) = v**2 - 5*v - 80. Let l be w(12). What is the greatest common factor of l and 28?
4
Suppose 0 = -4*y - 0*y + n - 27, 0 = 5*y + 2*n + 50. Let i(o) = -o**3 - 7*o**2 + 2*o - 4. Let l be i(y). What is the highest common factor of l and 4?
4
Let u(t) = -7*t - 2. Let y be u(-8). Let h(m) = -4*m - 19. Let z be h(-5). Let v be (12/10)/(z/15). Calculate the highest common divisor of v and y.
18
Let d = 2 + 7. Let z = d + -4. Suppose -4*i + 12 + 16 = -2*u, 4*u = z*i - 35. What is the highest common divisor of i and 14?
7
Let h be -8 - 3/(-2)*2. Let d = 35 + h. Let n = d + 26. Calculate the highest common divisor of n and 14.
14
Let m be (-142)/(-4) + 1/(-2). Suppose i - 4*o + 3*o = -20, 0 = -2*i - o - 31. Let n = 22 + i. What is the greatest common divisor of n and m?
5
Suppose 5*y + 233 = g, y + 477 = 2*g + 2*y. What is the highest common factor of g and 17?
17
Let b = 1 - -3. Suppose -12 + 18 = 2*n. Let a be (n*6/27)/((-1)/(-6)). What is the highest common divisor of a and b?
4
Suppose -5*o + g = -3897, 4*o - 46*g - 3123 = -47*g. What is the highest common factor of o and 60?
60
Suppose -i = 5*w + 36, 4*i = 2*i + w - 28. Let l = i - -40. What is the highest common factor of 8 and l?
8
Suppose 0 = 76*u - 2746 - 17014. What is the highest common factor of 140 and u?
20
Let k be (6 - (-77)/(-14))*130. Calculate the greatest common factor of 520 and k.
65
Let m(u) = u**3 + 8*u**2 - 10*u - 61. Let d be m(-6). Calculate the greatest common divisor of 781 and d.
71
Suppose -2*d = -3*t + 901, -1503 = -12*t + 7*t + 2*d. What is the highest common divisor of 86 and t?
43
Let a(w) = -10*w. Let r be a(-29). What is the greatest common factor of 58 and r?
58
Suppose 2*x = -5*l + 156, 3*l + 0*x = -2*x + 96. What is the highest common divisor of 70 and l?
10
Let g(u) be the second derivative of u**4/4 - u**3/6 - 4*u**2 - 5*u. Let n be g(-4). Calculate the greatest common factor of n and 4.
4
Suppose -9*y - 267 + 1797 = 0. Suppose -117 = -5*r + 53. Calculate the highest common factor of r and y.
34
Suppose 2*w + 260 = 4*o + 68, 5*w - 26 = -o. What is the greatest common factor of 46 and o?
46
Suppose 5*d + 5*j = 245, -3*d + 16 = -j - 135. Suppose -4*m + d = 2*l, 5*m - 20 = 2*m - 5*l. What is the highest common factor of m and 285?
15
Suppose 0 = -0*n + 4*n - 16, i - 32 = -5*n. Suppose 0*w - i = -w. Calculate the greatest common factor of 24 and w.
12
Let c be (-1401)/(-12) + (-4 + 3)/(-4). Suppose -3*o + o = -2, -194 = -4*u + 2*o. Let z = c - u. Calculate the greatest common divisor of z and 17.
17
Suppose -3*q + x = -401, 4*q - 172 = 3*x + 356. Suppose -11*l + 8*l = -q. Let t = -16 + 31. Calculate the highest common factor of l and t.
15
Suppose -4*j + 3*s + 18 = -16, -3*j + 20 = -5*s. Let l be (1 + -3)/(1/(-25)). What is the greatest common divisor of j and l?
10
Let k = 492 + -410. What is the highest common divisor of 369 and k?
41
Let b(c) = 30*c + 38. Let l be b(23). What is the greatest common divisor of l and 56?
56
Suppose -38*x + 1346 = -858. What is the greatest common factor of x and 3306?
58
Suppose -5*z + 2*j + 0*j + 66 = 0, 5*j = -15. What is the greatest common factor of 108 and z?
12
Suppose 7 = 3*m + 1. Suppose -w = 5*p + 3, 27 = -4*w + p + 78. What is the highest common divisor of m and w?
2
Let q = 65 + -37. Suppose -4*g - 2*p + 34 = 0, 4*g = -p - 3*p + q. Suppose -3*r - 12 + 102 = 0. Calculate the highest common divisor of r and g.
10
Suppose 13*o - 76*o + 1008 = 0. Calculate the highest common factor of 1008 and o.
16
Suppose 3*b + 33*q = 32*q + 15, -2*q = 0. Calculate the greatest common factor of b and 125.
5
Suppose 0 = 4*i - 7*i + 24. Suppose -355 - 85 = -11*z. What is the highest common divisor of i and z?
8
Let m be (1 + -1)*-1 + 1. Suppose q = -3*g - 45, 5*g + 60 = q - 15. Let a be 4 + 0 + g/(-15). Ca